{"id":791,"date":"2020-02-12T14:36:49","date_gmt":"2020-02-12T17:36:49","guid":{"rendered":"https:\/\/www.envasescentral.cl\/?page_id=791"},"modified":"2024-02-02T17:43:19","modified_gmt":"2024-02-02T20:43:19","slug":"aquarius","status":"publish","type":"page","link":"https:\/\/www.envasescentral.cl\/?page_id=791","title":{"rendered":"Aquarius"},"content":{"rendered":"[vc_row css_animation=&#8221;&#8221; row_type=&#8221;row&#8221; use_row_as_full_screen_section=&#8221;no&#8221; type=&#8221;full_width&#8221; angled_section=&#8221;no&#8221; text_align=&#8221;center&#8221; background_image_as_pattern=&#8221;without_pattern&#8221; z_index=&#8221;&#8221;][vc_column][vc_empty_space height=&#8221;50&#8243;][vc_row_inner row_type=&#8221;row&#8221; type=&#8221;full_width&#8221; text_align=&#8221;center&#8221; css_animation=&#8221;&#8221;][vc_column_inner width=&#8221;1\/4&#8243; offset=&#8221;vc_col-xs-3&#8243;][vc_single_image image=&#8221;553&#8243; alignment=&#8221;center&#8221; onclick=&#8221;custom_link&#8221; qode_css_animation=&#8221;&#8221; qode_hover_animation=&#8221;zoom_in&#8221; link=&#8221;https:\/\/www.envasescentral.cl\/?page_id=410&#8243;][\/vc_column_inner][vc_column_inner width=&#8221;1\/4&#8243; offset=&#8221;vc_col-xs-3&#8243;][vc_single_image image=&#8221;555&#8243; alignment=&#8221;center&#8221; onclick=&#8221;custom_link&#8221; qode_css_animation=&#8221;&#8221; qode_hover_animation=&#8221;zoom_in&#8221; link=&#8221;https:\/\/www.envasescentral.cl\/?page_id=764&#8243;][\/vc_column_inner][vc_column_inner width=&#8221;1\/4&#8243; offset=&#8221;vc_col-xs-3&#8243;][vc_single_image image=&#8221;554&#8243; alignment=&#8221;center&#8221; onclick=&#8221;custom_link&#8221; qode_css_animation=&#8221;&#8221; qode_hover_animation=&#8221;zoom_in&#8221; link=&#8221;https:\/\/www.envasescentral.cl\/?page_id=791&#8243;][\/vc_column_inner][vc_column_inner width=&#8221;1\/4&#8243; offset=&#8221;vc_col-xs-3&#8243;][vc_single_image image=&#8221;557&#8243; alignment=&#8221;center&#8221; onclick=&#8221;custom_link&#8221; qode_css_animation=&#8221;&#8221; qode_hover_animation=&#8221;zoom_in&#8221; link=&#8221;https:\/\/www.envasescentral.cl\/?page_id=783&#8243;][\/vc_column_inner][\/vc_row_inner][vc_empty_space height=&#8221;80&#8243;][\/vc_column][\/vc_row][vc_row css_animation=&#8221;&#8221; row_type=&#8221;row&#8221; use_row_as_full_screen_section=&#8221;no&#8221; type=&#8221;full_width&#8221; angled_section=&#8221;no&#8221; text_align=&#8221;left&#8221; background_image_as_pattern=&#8221;without_pattern&#8221;][vc_column][vc_tta_pageable no_fill_content_area=&#8221;1&#8243; active_section=&#8221;1&#8243; pagination_style=&#8221;flat-round&#8221; pagination_color=&#8221;juicy-pink&#8221; tab_position=&#8221;top&#8221;][vc_tta_section title=&#8221;UVA&#8221; tab_id=&#8221;1581522411961-7883fe0a-1586&#8243;][vc_row_inner row_type=&#8221;row&#8221; type=&#8221;full_width&#8221; text_align=&#8221;left&#8221; css_animation=&#8221;&#8221;][vc_column_inner width=&#8221;1\/3&#8243;][vc_single_image image=&#8221;570&#8243; img_size=&#8221;large&#8221; alignment=&#8221;center&#8221; qode_css_animation=&#8221;&#8221;][\/vc_column_inner][vc_column_inner width=&#8221;2\/3&#8243;][vc_empty_space height=&#8221;80px&#8221;][vc_column_text]\n<h3>AQUARIUS UVA<\/h3>\n[\/vc_column_text][vc_empty_space height=&#8221;20px&#8221;][vc_column_text]\n<h2>Gu\u00eda diaria de alimentaci\u00f3n (GDA)<\/h2>\n<p>Este envase tiene aprox. 3 porciones de 200ml.<\/p>\n<p>Cada porci\u00f3n de 1 vaso (200 ml) contiene:[\/vc_column_text][vc_empty_space height=&#8221;20px&#8221;][vc_single_image image=&#8221;572&#8243; img_size=&#8221;300X91&#8243; qode_css_animation=&#8221;&#8221;][vc_empty_space height=&#8221;20px&#8221;][vc_column_text]\n<h2>Ingredientes<\/h2>\n<p>Agua purificada, jugo de uva (5.1% m\/m), \u00e1cido c\u00edtrico, polifosfato de sodio, \u00e1cido tart\u00e1rico, citrato de sodio, sorbato de potasio, saborizantes id\u00e9nticos al natural y artificial, gluconato de sodio, benzoato de sodio,\u00a0<b>SUCRALOSA<\/b>, EDTA dis\u00f3dico c\u00e1lcico,\u00a0<b>ACESULFAMO DE POTASIO<\/b>,\u00a0<b>TARTRAZINA<\/b>\u00a0y azul brillante.[\/vc_column_text][\/vc_column_inner][\/vc_row_inner][\/vc_tta_section][vc_tta_section title=&#8221;PERA&#8221; tab_id=&#8221;1581523135002-19f9e0b7-9178&#8243;][vc_row_inner row_type=&#8221;row&#8221; type=&#8221;full_width&#8221; text_align=&#8221;left&#8221; css_animation=&#8221;&#8221;][vc_column_inner width=&#8221;1\/3&#8243;][vc_single_image image=&#8221;573&#8243; img_size=&#8221;large&#8221; alignment=&#8221;center&#8221; qode_css_animation=&#8221;&#8221;][\/vc_column_inner][vc_column_inner width=&#8221;2\/3&#8243;][vc_empty_space height=&#8221;80px&#8221;][vc_column_text]\n<h3>AQUARIUS PERA<\/h3>\n[\/vc_column_text][vc_empty_space height=&#8221;20px&#8221;][vc_column_text]\n<h2>Gu\u00eda diaria de alimentaci\u00f3n (GDA)<\/h2>\n<p>Este envase tiene aprox. 3 porciones de 200ml.<\/p>\n<p>Cada porci\u00f3n de 1 vaso (200 ml) contiene:[\/vc_column_text][vc_empty_space height=&#8221;20px&#8221;][vc_single_image image=&#8221;574&#8243; img_size=&#8221;300X91&#8243; qode_css_animation=&#8221;&#8221;][vc_empty_space height=&#8221;20px&#8221;][vc_column_text]\n<h2>Ingredientes<\/h2>\n<p>Agua purificada, jugo concentrado de pera (5% m\/m), \u00e1cido c\u00edtrico, saborizantes id\u00e9nticos al natural y artificial, polifosfato de sodio, sorbato de potasio, citrato de sodio, gluconato de sodio, benzoato de sodio,\u00a0<b>SUCRALOSA<\/b>,\u00a0<b>ACESULFAMO DE POTASIO<\/b>, EDTA dis\u00f3dico c\u00e1lcico,\u00a0<b>TARTRAZINA<\/b>\u00a0y\u00a0<b>AMARILLO CREP\u00daSCULO<\/b>.[\/vc_column_text][\/vc_column_inner][\/vc_row_inner][\/vc_tta_section][vc_tta_section title=&#8221;MANZANA&#8221; tab_id=&#8221;1581523247223-3045b6c8-b1ef&#8221;][vc_row_inner row_type=&#8221;row&#8221; type=&#8221;full_width&#8221; text_align=&#8221;left&#8221; css_animation=&#8221;&#8221;][vc_column_inner width=&#8221;1\/3&#8243;][vc_single_image image=&#8221;575&#8243; img_size=&#8221;large&#8221; alignment=&#8221;center&#8221; qode_css_animation=&#8221;&#8221;][\/vc_column_inner][vc_column_inner width=&#8221;2\/3&#8243;][vc_empty_space height=&#8221;80px&#8221;][vc_column_text]\n<h3>AQUARIUS MANZANA<\/h3>\n[\/vc_column_text][vc_empty_space height=&#8221;20px&#8221;][vc_column_text]\n<h2>Gu\u00eda diaria de alimentaci\u00f3n (GDA)<\/h2>\n<p>Este envase tiene aprox. 3 porciones de 200ml.<\/p>\n<p>Cada porci\u00f3n de 1 vaso (200 ml) contiene:[\/vc_column_text][vc_empty_space height=&#8221;20px&#8221;][vc_single_image image=&#8221;576&#8243; img_size=&#8221;300X91&#8243; qode_css_animation=&#8221;&#8221;][vc_empty_space height=&#8221;20px&#8221;][vc_column_text]\n<h2>Ingredientes<\/h2>\n<p>Agua purificada, jugo concentrado de manzana (5% m\/m), \u00e1cido c\u00edtrico, polifosfato de sodio, sorbato de potasio, \u00e1cido m\u00e1lico, saborizantes id\u00e9nticos al natural y artificial, citrato de sodio, gluconato de sodio, benzoato de sodio, color caramelo,\u00a0<b>SUCRALOSA<\/b>,\u00a0<b>ACESULFAMO DE POTASIO<\/b>\u00a0y EDTA dis\u00f3dico c\u00e1lcico.[\/vc_column_text][\/vc_column_inner][\/vc_row_inner][\/vc_tta_section][vc_tta_section title=&#8221;DURAZNO&#8221; tab_id=&#8221;1581523354992-978701ba-a69d&#8221;][vc_row_inner row_type=&#8221;row&#8221; type=&#8221;full_width&#8221; text_align=&#8221;left&#8221; css_animation=&#8221;&#8221;][vc_column_inner width=&#8221;1\/3&#8243;][vc_single_image image=&#8221;577&#8243; img_size=&#8221;large&#8221; alignment=&#8221;center&#8221; qode_css_animation=&#8221;&#8221;][\/vc_column_inner][vc_column_inner width=&#8221;2\/3&#8243;][vc_empty_space height=&#8221;80px&#8221;][vc_column_text]\n<h3>AQUARIUS DURAZNO<\/h3>\n[\/vc_column_text][vc_empty_space height=&#8221;20px&#8221;][vc_column_text]\n<h2>Gu\u00eda diaria de alimentaci\u00f3n (GDA)<\/h2>\n<p>Este envase tiene aprox. 3 porciones de 200ml.<\/p>\n<p>Cada porci\u00f3n de 1 vaso (200 ml) contiene:[\/vc_column_text][vc_empty_space height=&#8221;20px&#8221;][vc_single_image image=&#8221;578&#8243; img_size=&#8221;300X91&#8243; qode_css_animation=&#8221;&#8221;][vc_empty_space height=&#8221;20px&#8221;][vc_column_text]\n<h2>Ingredientes<\/h2>\n<p>Agua purificada, jugo de durazno (5.1% m\/m), \u00e1cido c\u00edtrico, polifosfato de sodio, citrato de sodio, sorbato de potasio, saborizantes id\u00e9nticos al natural y artificial, gluconato de sodio, benzoato de sodio, \u00e1cido m\u00e1lico,\u00a0<b>SUCRALOSA<\/b>,\u00a0<b>ACESULFAMO DE POTASIO<\/b>, EDTA dis\u00f3dico c\u00e1lcico,\u00a0<b>AMARILLO CREP\u00daSCULO<\/b>\u00a0y rojo allura AC.[\/vc_column_text][\/vc_column_inner][\/vc_row_inner][\/vc_tta_section][vc_tta_section title=&#8221;POMELO&#8221; tab_id=&#8221;1581523487539-7b01ab09-9f6b&#8221;][vc_row_inner row_type=&#8221;row&#8221; type=&#8221;full_width&#8221; text_align=&#8221;left&#8221; css_animation=&#8221;&#8221;][vc_column_inner width=&#8221;1\/3&#8243;][vc_single_image image=&#8221;579&#8243; img_size=&#8221;large&#8221; alignment=&#8221;center&#8221; qode_css_animation=&#8221;&#8221;][\/vc_column_inner][vc_column_inner width=&#8221;2\/3&#8243;][vc_empty_space height=&#8221;80px&#8221;][vc_column_text]\n<h3>AQUARIUS POMELO<\/h3>\n[\/vc_column_text][vc_empty_space height=&#8221;20px&#8221;][vc_column_text]\n<h2>Gu\u00eda diaria de alimentaci\u00f3n (GDA)<\/h2>\n<p>Este envase tiene aprox. 3 porciones de 200ml.<\/p>\n<p>Cada porci\u00f3n de 1 vaso (200 ml) contiene:[\/vc_column_text][vc_empty_space height=&#8221;20px&#8221;][vc_single_image image=&#8221;580&#8243; img_size=&#8221;300X91&#8243; qode_css_animation=&#8221;&#8221;][vc_empty_space height=&#8221;20px&#8221;][vc_column_text]\n<h2>Ingredientes<\/h2>\n<p>Agua purificada, jugo concentrado de lim\u00f3n (6% m\/m solidos solubles), saborizante natural id\u00e9ntico natural y artificial, polifosfato de sodio, sorbato de potasio, citrato de sodio, gluconato de sodio, benzoato de sodio,\u00a0<b>SUCRALOSA<\/b>,\u00a0<b>ACESULFAMO DE POTASIO<\/b>, EDTA dis\u00f3dico c\u00e1lcico, rojo allura AC y\u00a0<b>TARTRAZINA<\/b>.[\/vc_column_text][\/vc_column_inner][\/vc_row_inner][\/vc_tta_section][vc_tta_section title=&#8221;POMELO&#8221; tab_id=&#8221;1581523591655-7432ce69-4d2f&#8221;][vc_row_inner row_type=&#8221;row&#8221; type=&#8221;full_width&#8221; text_align=&#8221;left&#8221; css_animation=&#8221;&#8221;][vc_column_inner width=&#8221;1\/3&#8243;][vc_single_image image=&#8221;581&#8243; img_size=&#8221;large&#8221; alignment=&#8221;center&#8221; qode_css_animation=&#8221;&#8221;][\/vc_column_inner][vc_column_inner width=&#8221;2\/3&#8243;][vc_empty_space height=&#8221;80px&#8221;][vc_column_text]\n<h3>AQUARIUS LIMONADA<\/h3>\n[\/vc_column_text][vc_empty_space height=&#8221;20px&#8221;][vc_column_text]\n<h2>Gu\u00eda diaria de alimentaci\u00f3n (GDA)<\/h2>\n<p>Este envase tiene aprox. 3 porciones de 200ml.<\/p>\n<p>Cada porci\u00f3n de 1 vaso (200 ml) contiene:[\/vc_column_text][vc_empty_space height=&#8221;20px&#8221;][vc_single_image image=&#8221;582&#8243; img_size=&#8221;300X91&#8243; qode_css_animation=&#8221;&#8221;][vc_empty_space height=&#8221;20px&#8221;][vc_column_text]\n<h2>Ingredientes<\/h2>\n<p>Agua purificada, jugo concentrado de lim\u00f3n (6% m\/m solidos solubles), saborizante natural y artificial, polifosfato de sodio, \u00e1cido m\u00e1lico, citrato de sodio, \u00e1cido c\u00edtrico, sorbato de potasio, gluconato de sodio, benzoato de sodio, goma ester,\u00a0<b>SUCRALOSA<\/b>, goma acacia,\u00a0<b>ACESULFAMO DE POTASIO<\/b>, EDTA dis\u00f3dico c\u00e1lcico y\u00a0<b>TARTRAZINA<\/b>.[\/vc_column_text][\/vc_column_inner][\/vc_row_inner][\/vc_tta_section][\/vc_tta_pageable][\/vc_column][\/vc_row]\n","protected":false},"excerpt":{"rendered":"<p>[vc_row css_animation=&#8221;&#8221; row_type=&#8221;row&#8221; use_row_as_full_screen_section=&#8221;no&#8221; type=&#8221;full_width&#8221; angled_section=&#8221;no&#8221; text_align=&#8221;center&#8221; background_image_as_pattern=&#8221;without_pattern&#8221; z_index=&#8221;&#8221;][vc_column][vc_empty_space height=&#8221;50&#8243;][vc_row_inner row_type=&#8221;row&#8221; type=&#8221;full_width&#8221; text_align=&#8221;center&#8221; css_animation=&#8221;&#8221;][vc_column_inner width=&#8221;1\/4&#8243; offset=&#8221;vc_col-xs-3&#8243;][vc_single_image image=&#8221;553&#8243; alignment=&#8221;center&#8221; onclick=&#8221;custom_link&#8221; qode_css_animation=&#8221;&#8221; qode_hover_animation=&#8221;zoom_in&#8221; link=&#8221;https:\/\/www.envasescentral.cl\/?page_id=410&#8243;][\/vc_column_inner][vc_column_inner width=&#8221;1\/4&#8243; offset=&#8221;vc_col-xs-3&#8243;][vc_single_image image=&#8221;555&#8243; alignment=&#8221;center&#8221; onclick=&#8221;custom_link&#8221; qode_css_animation=&#8221;&#8221; qode_hover_animation=&#8221;zoom_in&#8221; link=&#8221;https:\/\/www.envasescentral.cl\/?page_id=764&#8243;][\/vc_column_inner][vc_column_inner width=&#8221;1\/4&#8243; offset=&#8221;vc_col-xs-3&#8243;][vc_single_image image=&#8221;554&#8243; alignment=&#8221;center&#8221; onclick=&#8221;custom_link&#8221; qode_css_animation=&#8221;&#8221; qode_hover_animation=&#8221;zoom_in&#8221; link=&#8221;https:\/\/www.envasescentral.cl\/?page_id=791&#8243;][\/vc_column_inner][vc_column_inner width=&#8221;1\/4&#8243; offset=&#8221;vc_col-xs-3&#8243;][vc_single_image image=&#8221;557&#8243; alignment=&#8221;center&#8221; onclick=&#8221;custom_link&#8221; qode_css_animation=&#8221;&#8221; qode_hover_animation=&#8221;zoom_in&#8221;&#8230;<\/p>\n","protected":false},"author":1,"featured_media":0,"parent":0,"menu_order":0,"comment_status":"closed","ping_status":"closed","template":"","meta":{"footnotes":""},"class_list":["post-791","page","type-page","status-publish","hentry"],"_links":{"self":[{"href":"https:\/\/www.envasescentral.cl\/index.php?rest_route=\/wp\/v2\/pages\/791","targetHints":{"allow":["GET"]}}],"collection":[{"href":"https:\/\/www.envasescentral.cl\/index.php?rest_route=\/wp\/v2\/pages"}],"about":[{"href":"https:\/\/www.envasescentral.cl\/index.php?rest_route=\/wp\/v2\/types\/page"}],"author":[{"embeddable":true,"href":"https:\/\/www.envasescentral.cl\/index.php?rest_route=\/wp\/v2\/users\/1"}],"replies":[{"embeddable":true,"href":"https:\/\/www.envasescentral.cl\/index.php?rest_route=%2Fwp%2Fv2%2Fcomments&post=791"}],"version-history":[{"count":9,"href":"https:\/\/www.envasescentral.cl\/index.php?rest_route=\/wp\/v2\/pages\/791\/revisions"}],"predecessor-version":[{"id":977,"href":"https:\/\/www.envasescentral.cl\/index.php?rest_route=\/wp\/v2\/pages\/791\/revisions\/977"}],"wp:attachment":[{"href":"https:\/\/www.envasescentral.cl\/index.php?rest_route=%2Fwp%2Fv2%2Fmedia&parent=791"}],"curies":[{"name":"wp","href":"https:\/\/api.w.org\/{rel}","templated":true}]}}